the remainder when l is divided by 1.
0
Let k = -183 + 227. What is the remainder when k is divided by 15?
14
Let z be (-4 + -20)*(-3)/2. Suppose -3*c + 3 = -z. Suppose -65 = -2*j - 3*p, 5*j - 173 = -3*p - p. What is the remainder when j is divided by c?
11
Suppose -312 = m + 2*m. Let s = 378 - 366. What is the remainder when -3*(m/6 - -2) is divided by s?
10
Let i be 17/3 + (-5)/(-15). Suppose -i*c + 4*c = -20. What is the remainder when (60 - 1)*(4 - 3) is divided by c?
9
Let l(w) = 5*w**3 - 31*w**2 + 14*w - 27. Suppose -2*c + 0*c = -24. What is the remainder when l(6) is divided by c?
9
Let r = 949 - 478. Calculate the remainder when r is divided by 111.
27
Suppose -3*t - 7*n = -4*n - 6, -4*n = -2*t + 16. Let a be (-24)/(-9) + t/(-6). Suppose -104 = -0*d - a*d. Calculate the remainder when d is divided by 18.
16
Let m(a) = -7*a + 4. Let d be m(-5). Let z = -2 + d. What is the remainder when z is divided by 15?
7
Calculate the remainder when 68 is divided by (-33)/(((-66)/(-308))/(2/(-7))).
24
Suppose -2*a = 3*v - 18 - 13, 50 = 5*v + 3*a. Calculate the remainder when 18/(-24)*(-272)/6 is divided by v.
6
Let o be (-36)/84 - (-1352)/(-14). Let t = -52 - o. Suppose -2*y + t = 3*y. What is the remainder when 34 is divided by y?
7
Let d = 227 - 170. What is the remainder when 198 is divided by d?
27
Let o = -131 - -144. Calculate the remainder when 44 is divided by o.
5
Suppose -12*n = -14*n + 18. What is the remainder when 57 is divided by n?
3
Suppose w + 8 = 3*k, 2*w - 2*k - 3 = 1. Suppose 15*o = 11*o. Suppose -4*c - 2*x = -2, -3*x - 9 = -o. Calculate the remainder when w is divided by c.
1
Let d(x) = -34*x + 5. Let u be d(-4). Suppose -2*j + u = c - 3*j, 0 = c - 5*j - 125. Suppose 5*w + 0*w = c. Calculate the remainder when w is divided by 8.
5
Suppose l = 3*l + 36. Let k be (-2)/4 - l/(-4). Let p = 11 + k. What is the remainder when 16 is divided by p?
4
Suppose -11*g = -6*g - 15, -51 = -3*y + 6*g. Calculate the remainder when y is divided by 15.
8
Suppose -83 = -4*z + 9. Suppose -168 = -6*r + 2*r. Calculate the remainder when r is divided by z.
19
Suppose 321 + 59 = 20*u. Calculate the remainder when 282 is divided by u.
16
Let l(t) = t**3 + 14*t**2 + 12. Let v be ((-16)/6)/(2/(-6)). Suppose x - 27 - v = 0. Calculate the remainder when x is divided by l(-14).
11
Let t(k) = k**3 - k**2 - 2*k + 2. Suppose 0 = 17*o - 1787 + 172. Calculate the remainder when o is divided by t(3).
11
Suppose 0 = -14*i + 309 - 43. What is the remainder when 110 is divided by i?
15
Suppose 6*m - 90 + 18 = 0. Let d(s) = 45*s**3 + 2*s**2 + s - 2. Calculate the remainder when d(1) is divided by m.
10
Let c = 588 + -434. Calculate the remainder when c is divided by 7.
0
Let z(l) = -l**3 + 7*l**2 + 23*l - 4. What is the remainder when (-325 + 1)*1/(-2) is divided by z(9)?
39
Let n(x) = x**3 - 14*x**2 + 14*x - 12. Let b be n(13). Let z be 91/14 - b/2. Suppose 0 = -3*a + z*a - 51. What is the remainder when a is divided by 6?
5
Let o(a) = -a**3 + 7*a**2 - 10*a + 7. What is the remainder when o(4) is divided by (-8)/(1 - (2 - 0))?
7
Suppose 2*k + 6*m - 3*m - 68 = 0, 4*k + 5*m = 136. What is the remainder when 65 is divided by k?
31
Let s(h) be the second derivative of 4*h**3/3 + 6*h**2 - 20*h. Calculate the remainder when s(5) is divided by 22.
8
Suppose 0 = -9*k + 34 + 272. What is the remainder when 82 is divided by k?
14
Suppose 6*r = -3*y + 1179, 248 = y + 3*r - 142. Calculate the remainder when y is divided by 134.
131
Suppose 0 = 2*g + 3 - 53. Suppose 4*x - r = 83, 2*x + 4*r - g = -r. Suppose 5*l - 21 - 4 = -4*p, -4*l + x = -4*p. What is the remainder when 23 is divided by l?
3
Let z(t) = t**3 + 6*t**2 - 5. Let u be 3 - 2/((-2)/(-13)). What is the remainder when 5/u - (-75)/2 is divided by z(-5)?
17
Let w be (27/(-12))/(9/(-840)). Suppose 4*h + h = w. Suppose u = -3*j + h, -3*j - 4*u = j - 48. Calculate the remainder when j is divided by 4.
3
Let v = 40 - 13. Suppose 0 = 26*s - 29*s + v. What is the remainder when s is divided by 7?
2
Let i = -52 - -73. Suppose -49 = -4*b - 5*v, -4*v + 9 = -11. What is the remainder when ((-52)/6)/(b/(-27)) is divided by i?
18
Let t = -221 - -237. Calculate the remainder when 93 is divided by t.
13
Let n(r) = 7*r**2 - 7*r + 1. Let h(j) = 8*j**2 - 6*j. Let a(u) = -5*h(u) + 6*n(u). What is the remainder when a(8) is divided by 20?
18
Let y = 184 - 152. Suppose 0 = j + 5*f + 8, 0 = -2*j - f + 32 - 3. Calculate the remainder when y is divided by j.
15
Let b = 1 + 7. Calculate the remainder when b is divided by (7 - (-1 + 0/6))*1.
0
Let q = 8 + -3. Calculate the remainder when 33 is divided by (0 - -5) + (5 - q).
3
Let k(c) be the third derivative of c**5/60 + c**4/6 - 5*c**3/2 + 9*c**2. Calculate the remainder when 133 is divided by k(4).
14
Let o(m) = 15*m**3 + 2*m**2 - 16*m + 17. What is the remainder when o(2) is divided by 71?
42
Let m(p) = -3*p + 7. Let i be m(4). Calculate the remainder when (290/(-4))/i*(4 + 0) is divided by 12.
10
Let j(b) = -8*b - 87. Calculate the remainder when 15 is divided by j(-12).
6
Suppose -4*v - 175 = -u, -4*u - 4*v = -245 - 355. Calculate the remainder when u is divided by 54.
47
Let v = -416 + 492. Calculate the remainder when 214 is divided by v.
62
Let p(s) = s**3 + s**2 - 5*s - 7. Let f be p(3). Suppose -7*w - 203 = -f*w. What is the remainder when 144 is divided by w?
28
Calculate the remainder when 24 is divided by (-1*(-4 - 35))/3.
11
Suppose 3745 = 5*u - 2*f, -146*u + 2231 = -143*u + 2*f. Calculate the remainder when u is divided by 15.
12
Suppose 0 = 5*z - 4*w - 119, 3*w - 2*w = -2*z + 58. Suppose 2*s - z - 135 = 0. What is the remainder when s is divided by 42?
39
Suppose -x + 3*f + 0 = 6, -4*x = -5*f + 3. Suppose 0 = 4*u - 0*u, -x*d - 2*u = -312. What is the remainder when d is divided by 21?
20
Suppose 5*z - 30 + 3 = -f, 2*z - 8 = f. Calculate the remainder when 131 is divided by z.
1
Let q = -1167 + 1181. Let v = 55 - -12. Calculate the remainder when v is divided by q.
11
Suppose -5*o = -4*q - 1955, 2*o = 21*q - 17*q + 782. What is the remainder when o is divided by 28?
27
Suppose 5*c - 195 - 405 = 4*f, -99 = -c + 5*f. Suppose 28*o = 24*o + c. Calculate the remainder when 48 is divided by o.
17
Let i be 1/(3*(-4)/12). Let v be 4/2 + 2*i. Suppose -q + 3*q - 31 = a, v = 5*q - 5*a - 65. What is the remainder when 68 is divided by q?
14
Calculate the remainder when 356 is divided by -1 + 9 + -4 + (39 - 3).
36
What is the remainder when 142 is divided by (-4)/8 - (-1648)/32?
40
Suppose 49*l = 133*l - 4032. Suppose 0 = 2*s - 4*t + 5 + 1, 0 = s + 5*t - 11. Let g(o) = 17*o**2 - o + 1. What is the remainder when l is divided by g(s)?
14
Let z = 6 + -4. Suppose -z*n - 31 = -141. What is the remainder when n is divided by 15?
10
Suppose 3*b - 129 = 3*x, 5*b - 5*x = 10*b - 175. Calculate the remainder when 116 is divided by b.
38
Suppose 6*d + d = 210. Suppose u + 5*v - 8 = 2, -v = 3*u - d. Calculate the remainder when 58 is divided by u.
8
Let f be (11 - -1)/2*1. Suppose 2*o - f*o = -164. What is the remainder when o is divided by ((-21)/(-2))/((1 - 5)/(-8))?
20
Let p = -8694 - -8734. Calculate the remainder when p is divided by ((-15)/4 - -2)*-4.
5
Let v(d) = -19*d**3 + d + 1. Let b(a) = a**3 + 5*a**2 - 12*a - 44. What is the remainder when v(-1) is divided by b(-3)?
9
Let g(j) = -j - 4. Let s be g(-4). Suppose -5*x + 8 + 17 = s. Let t(m) = m + 1. What is the remainder when x is divided by t(3)?
1
Let x = 22 - -43. What is the remainder when ((-338)/x)/(2/(-5)) is divided by (-1 - -2)*(-15)/(0 + -3)?
3
What is the remainder when (27183/(-299) + (-2)/23)*-1 is divided by 41?
9
Let b be (3/((-3)/8))/(-1). Suppose 3*h - 43 = 2*z, -h = -5*z + b - 31. What is the remainder when h is divided by (-5)/2*2 - 234/(-26)?
1
Let r(j) = j**2 - j + 3. Suppose 25 = 5*z - 2*z + 5*l, 0 = 2*z + 5*l - 25. Suppose 6*i + 2*i - 16 = z. What is the remainder when r(3) is divided by i?
1
Suppose -u = -4*r - 6*u + 498, -5*u + 620 = 5*r. Let j = r - -45. Let p = j + -89. Calculate the remainder when p is divided by 20.
18
Suppose -b + 3*n - 1 = 2, 3*b = 3*n + 9. What is the remainder when 71 is divided by b?
5
Let a = -79 - -141. Let s = a + -45. What is the remainder when 66 is divided by s?
15
Let z = -16 + 18. Suppo